e
Is 56680389599 composite?
True
Is 1022579637 prime?
False
Is 68972581567 composite?
True
Is 837285077 prime?
False
Is 769078259 composite?
True
Is 21815010313 composite?
False
Is 1364466277 a composite number?
True
Is 7521631003 prime?
False
Is 561351269 a composite number?
True
Is 39881341447 composite?
False
Is 330110081 a composite number?
True
Is 5230481507 prime?
False
Is 5235687571 prime?
True
Is 3325657709 composite?
True
Is 3205061689 a composite number?
False
Is 691839983 prime?
False
Is 10175070979 a composite number?
True
Is 231360163 a prime number?
True
Is 11658763141 composite?
True
Is 1188493883 a prime number?
True
Is 296934619 a composite number?
False
Is 1961880191 a prime number?
True
Is 42635052847 a prime number?
False
Is 977328367 prime?
False
Is 64097794309 prime?
True
Is 270679951 a prime number?
True
Is 1233609551 composite?
False
Is 10980530647 a composite number?
False
Is 6948286397 a prime number?
False
Is 46993658321 composite?
True
Is 1852787473 composite?
True
Is 190281626819 composite?
False
Is 226375697 prime?
False
Is 21433722923 a prime number?
False
Is 15319830293 composite?
False
Is 159218483 a composite number?
False
Is 12571017929 a prime number?
False
Is 1658707703 composite?
True
Is 101518488163 prime?
False
Is 9935521783 a prime number?
False
Is 33491664973 a prime number?
False
Is 2892546637 prime?
False
Is 492426479 prime?
True
Is 12410909867 a composite number?
False
Is 1229837827 prime?
True
Is 1410425899 composite?
False
Is 2334168673 prime?
True
Is 2659649761 a composite number?
False
Is 609163039 a composite number?
False
Is 11331097951 composite?
False
Is 5950458541 a prime number?
False
Is 1217577261 a composite number?
True
Is 2564552699 composite?
False
Is 1030982971 a prime number?
False
Is 37464184909 prime?
False
Is 1955112143 a prime number?
True
Is 698400181 composite?
False
Is 171917 composite?
False
Is 12036453047 composite?
True
Is 20388319019 a composite number?
True
Is 32653056907 a prime number?
True
Is 6696727 a prime number?
False
Is 2130910351 composite?
False
Is 880540147291 composite?
True
Is 19204076927 a composite number?
True
Is 6366140639 prime?
False
Is 14312543173 a prime number?
True
Is 230522987 a prime number?
False
Is 2784522787 a prime number?
False
Is 538358981 a composite number?
False
Is 2141501 a composite number?
True
Is 29716783381 a prime number?
True
Is 211048419853 composite?
False
Is 45373101199 composite?
False
Is 101554151 a composite number?
True
Is 33867140777 a prime number?
False
Is 29940233671 prime?
True
Is 51817228321 prime?
True
Is 19732263583 a prime number?
False
Is 46419001 a composite number?
True
Is 1556724661 a prime number?
True
Is 1163391643 composite?
True
Is 6913955261 prime?
True
Is 5217291251 prime?
False
Is 39692591723 a composite number?
False
Is 366452101 a composite number?
False
Is 325262783 composite?
True
Is 5472911693 composite?
True
Is 20283306773 a prime number?
True
Is 70610151037 a composite number?
False
Is 19076351401 prime?
True
Is 3251582099 composite?
True
Is 28785925159 prime?
False
Is 37120820741 prime?
True
Is 7601836219 a composite number?
False
Is 259190089 composite?
False
Is 488778863 prime?
True
Is 873986951 prime?
True
Is 2547964823 prime?
True
Is 43347234571 prime?
True
Is 8232313301 prime?
True
Is 23778531467 a prime number?
True
Is 913466417 composite?
True
Is 1676250131 composite?
False
Is 17401082977 a composite number?
False
Is 76667998609 a composite number?
False
Is 30491467691 a composite number?
True
Is 31289110801 composite?
True
Is 8755769578 prime?
False
Is 4004470849 a composite number?
True
Is 162065209 prime?
False
Is 11774741905 a composite number?
True
Is 29422307389 a prime number?
False
Is 1606597 a composite number?
False
Is 15834427747 prime?
True
Is 3741142939 prime?
True
Is 1073712467 a prime number?
False
Is 567431881 prime?
False
Is 33786160529 prime?
False
Is 12043413463 prime?
False
Is 926448431 prime?
False
Is 13886466883 prime?
True
Is 269814170215 prime?
False
Is 6592665967 prime?
True
Is 220385790283 prime?
True
Is 582300881 composite?
True
Is 124106380891 prime?
True
Is 79259918849 a prime number?
False
Is 10050847409 composite?
False
Is 37082206757 a composite number?
True
Is 78635453417 a prime number?
True
Is 1458944723 composite?
True
Is 2289518669 a composite number?
False
Is 337508021 composite?
True
Is 274956724397 prime?
True
Is 7204315619 prime?
True
Is 1033576109 prime?
True
Is 64925540101 prime?
False
Is 189516381 a composite number?
True
Is 42776491 a composite number?
False
Is 6358916779 composite?
False
Is 227809466 a composite number?
True
Is 5111826683 prime?
False
Is 6608748049 composite?
True
Is 13131377773 prime?
True
Is 29430219023 a prime number?
False
Is 905468743 prime?
True
Is 14191216813 prime?
True
Is 3545208097 a composite number?
True
Is 1713530991 composite?
True
Is 321880549 composite?
True
Is 1043861327 a composite number?
False
Is 1479053437 composite?
False
Is 17727760663 a composite number?
False
Is 2763563359 prime?
False
Is 4716632209 composite?
False
Is 25458267137 a prime number?
True
Is 6841087417 a prime number?
True
Is 31910664853 composite?
True
Is 1508866633 a prime number?
True
Is 6155417237 a composite number?
False
Is 6183810007 a prime number?
False
Is 1905668741 prime?
True
Is 806520913 composite?
True
Is 4805991583 prime?
False
Is 2632074695 a prime number?
False
Is 11119614049 composite?
False
Is 116712012701 a composite number?
False
Is 124490613109 a prime number?
False
Is 5714603509 prime?
True
Is 7381460129 composite?
True
Is 3582066701 a composite number?
False
Is 14947768211 a composite number?
True
Is 36953441299 composite?
True
Is 1068686131 composite?
True
Is 195879539 prime?
True
Is 1044955911 a composite number?
True
Is 3033034019 a prime number?
False
Is 48568971053 a composite number?
True
Is 3704937763 a prime number?
False
Is 15481341641 a composite number?
False
Is 7496347 prime?
True
Is 39259196233 prime?
True
Is 27722728983 prime?
False
Is 4322330947 a prime number?
False
Is 2404261421 composite?
False
Is 14131638743 a prime number?
True
Is 22932253 a prime number?
True
Is 89981290351 a composite number?
False
Is 33356025083 prime?
True
Is 6967595329 a composite number?
False
Is 118875347 prime?
True
Is 18906886439 composite?
True
Is 21913320089 a composite number?
False
Is 2960925199 prime?
True
Is 360377309 a composite number?
False
Is 700082941 a composite number?
False
Is 13852006114 a composite number?
True
Is 1475917433 composite?
True
Is 3954332663 prime?
True
Is 127592325983 prime?
True
Is 55758225053 prime?
True
Is 740090851 composite?
True
Is 1846954063 a prime number?
True
Is 321072629 composite?
False
Is 8013473323 a composite number?
True
Is 393344093 composite?
False
Is 6644101979 a prime number?
True
Is 13877096777 composite?
False
Is 777045553 a composite number?
False
Is 17288746483 prime?
True
Is 239356706987 composite?
True
Is 939729409 a prime number?
True
Is 6251703487 a composite number?
False
Is 9541427293 a composite number?
True
Is 38892052145 composite?
True
Is 65825912791 composite?
False
Is 3299381087 a prime number?
True
Is 27325351 prime?
False
Is 1509359857 composite?
True
Is 492597829 prime?
True
Is 1106273393 prime?
False
Is 9933578113 a composite number?
True
Is 1177568581 a composite number?
True
Is 495718183 composite?
False
Is 7667642303 prime?
True
Is 2165981479 prime?
True
Is 287996951 composite?
True
Is 9795705757 prime?
True
Is 4455006847 a prime number?
True
Is 362521303 a composite number?
True
Is 117970278047 a prime number?
True
Is 1420769081 a composite number?
True
Is 259768937 prime?
True
Is 7652973079 a composite number?
True
Is 1401524203 a composite number?
False
Is 2141361623 a composite number?
False
Is 10805439443 a composite number?
True
Is 22588637 a composite number?
False
Is 245189839 prime?
False
Is 126320591503 a prime number?
True
Is 254765711 prime?
True
Is 346516393 composite?
False
Is 244401607 a composite number?
True
Is 20054988377 composite?
False
Is 224260943 composite?
True
Is 131167093567 a composite number?
False
Is 4579694699 composite?
False
Is 2350930651 composite?
True
Is 2897714563 composite?
False
Is 31019557601 prime?
True
Is